e 13) to base 4
-120101231
Convert -3e7c8b (base 15) to base 6.
-144330335
Convert -2121221101010 (base 3) to base 15.
-1c8ac3
-108706 (base 11) to base 16
-2a208
What is 122331041 (base 5) in base 7?
5003502
What is 10101100010111111 (base 2) in base 11?
60342
Convert -ae39b (base 15) to base 13.
-165401
What is -423168 (base 10) in base 7?
-3411504
Convert -5374031 (base 8) to base 14.
-2969a9
13712 (base 10) to base 6
143252
What is -967537 (base 10) in base 5?
-221430122
What is 77ba3 (base 13) in base 7?
1563344
Convert -61273 (base 10) to base 15.
-1324d
What is 53456102 (base 7) in base 11?
2629a96
Convert -517c5 (base 16) to base 4.
-1101133011
Convert d94b7 (base 14) to base 7.
4314520
What is -10011101000111111111111 (base 2) in base 11?
-29a7300
Convert 102445 (base 9) to base 12.
2b288
Convert 1c9c84 (base 15) to base 14.
286334
Convert 4d3a (base 15) to base 4.
10001200
Convert 11511243 (base 7) to base 8.
3730004
-56736b (base 13) to base 9
-3754515
What is -34857 (base 14) in base 10?
-127869
What is 12def4 (base 16) in base 6?
42301324
Convert 25e43 (base 15) to base 6.
2333430
What is a6db4 (base 14) in base 2?
1100010011110000010
What is -100011001010110010111 (base 2) in base 8?
-4312627
What is 2042635 (base 8) in base 9?
1015563
Convert 3578a9 (base 11) to base 8.
2122752
-1021102 (base 7) to base 16
-1dfdd
What is 2a5920 (base 14) in base 5?
334202240
What is 50c45 (base 14) in base 9?
325713
d9b42 (base 14) to base 12
2146ba
What is -139338 (base 10) in base 5?
-13424323
-15470124 (base 8) to base 7
-42216313
Convert 11113527 (base 8) to base 10.
2398039
-2211221212 (base 3) to base 11
-39172
What is 12532214 (base 6) in base 3?
210011101001
-1a2c99 (base 15) to base 9
-2353240
What is 3259c8 (base 14) in base 2?
110100000011111101100
What is -115978 (base 14) in base 3?
-1010001211122
Convert -60276a (base 11) to base 16.
-ecca3
What is -483152 (base 9) in base 8?
-1070267
What is 3385152 (base 10) in base 8?
14723500
What is 43300 (base 7) in base 3?
112210021
What is 138953 (base 15) in base 5?
220042403
2085778 (base 9) to base 5
241312103
What is 962014 (base 10) in base 14?
1b0834
What is -1022020110202 (base 3) in base 12?
-29549b
What is -3613132 (base 8) in base 2?
-11110001011001011010
-481856 (base 11) to base 12
-309b50
Convert -1011000011010110001001 (base 2) to base 10.
-2897289
-1320301233 (base 4) to base 8
-1706157
What is -23a4664 (base 11) in base 15?
-578270
113233 (base 5) to base 12
2515
What is -2908610 (base 10) in base 14?
-559dbc
What is 12210112212021 (base 3) in base 16?
2f04a6
What is 3a1c1 (base 15) in base 12?
8b7a7
What is -101011110011011101011 (base 2) in base 7?
-15125520
Convert -446a5 (base 11) to base 13.
-23602
What is -35027550 (base 9) in base 11?
-9678a7a
What is -100120221200 (base 3) in base 7?
-1414236
What is -1456519 (base 12) in base 14?
-788a69
-1243204300 (base 5) to base 3
-12211112012010
Convert -12201110130 (base 4) to base 11.
-a68286
-2910ab (base 14) to base 7
-15051304
203231231 (base 4) to base 16
23b6d
What is -c5a463 (base 16) in base 12?
-4407917
Convert 253b45 (base 12) to base 9.
1126218
3216640 (base 7) to base 9
655734
What is -14a35ab (base 12) in base 14?
-7b297d
4344132 (base 5) to base 9
123681
2555525 (base 6) to base 5
13434244
Convert -2aa0ad (base 15) to base 11.
-118698a
Convert 33001002 (base 4) to base 16.
f042
What is 4234050 (base 6) in base 16?
3286e
What is -17056 (base 16) in base 9?
-153311
What is -210031213 (base 4) in base 6?
-3102411
-84a3666 (base 11) to base 9
-31143072
10011001110100000110111 (base 2) to base 3
100111001211110
What is 210051043 (base 6) in base 2?
1101111010000111000011
-24645531 (base 7) to base 8
-10403536
-9a1c (base 13) to base 9
-32425
32311436 (base 7) to base 12
b109ab
Convert 154525026 (base 7) to base 13.
22187c4
What is 79233c (base 15) in base 10?
5778732
5227a4 (base 14) to base 9
5185702
435345104 (base 6) to base 10
7821184
What is -24042025 (base 6) in base 8?
-2675001
112010332 (base 4) to base 6
1534354
Convert 21204313 (base 5) to base 11.
1122a2
What is -20100112 (base 3) in base 15?
-158b
Convert 710370 (base 8) to base 11.
14a663
Convert 2004546 (base 9) to base 7.
12030405
-1167ca6 (base 14) to base 16
-7ef24a
What is 44254 (base 9) in base 11?
20081
What is -27963b (base 13) in base 14?
-1b110a
-53241 (base 6) to base 9
-10817
Convert 43051004 (base 6) to base 9.
2340164
-1121211200 (base 3) to base 11
-22014
What is 1011011111100001000001 (base 2) in base 9?
5601544
What is -4701433 (base 9) in base 11?
-1485534
Convert -1335c (base 16) to base 7.
-445254
Convert -10010313222 (base 4) to base 15.
-1618ec
-14575713 (base 8) to base 16
-32fbcb
What is -69349 (base 10) in base 3?
-10112010111
-1751077 (base 9) to base 2
-11101110110111010100
What is -103a36 (base 14) in base 7?
-4441566
What is -1100001010100111110 (base 2) in base 6?
-12313342
-3000202022 (base 5) to base 7
-100600466
Convert 6441130 (base 7) to base 12.
319257
Convert 4561421 (base 10) to base 13.
c39287
Convert 186574 (base 15) to base 12.
492317
What is -2300323 (base 4) in base 12?
-6677
-320202002213 (base 4) to base 11
-8402119
Convert -10120110211121 (base 3) to base 11.
-1087767
Convert 135551221 (base 6) to base 12.
b2b511
What is 12156065 (base 7) in base 8?
4120336
What is -307336 (base 11) in base 10?
-492872
What is -15abb8 (base 13) in base 4?
-2003113132
What is -1259966 (base 10) in base 11?
-7906a4
What is 776303 (base 8) in base 6?
5333443
What is -201132310 (base 4) in base 12?
-67444
-28721 (base 9) to base 8
-46124
-439b4e (base 16) to base 15
-5c7bd0
Convert 146633 (base 9) to base 3.
11120201010
-6488751 (base 11) to base 9
-23407845
-4bca95 (base 14) to base 6
-131530111
Convert -22330411 (base 6) to base 13.
-1aa9c1
15217373 (base 8) to base 7
41406451
What is 2515506 (base 9) in base 8?
5161250
Convert -14492 (base 13) to base 6.
-452332
Convert -1777256 (base 10) to base 3.
-10100021221022
What is 21abb3 (base 13) in base 4?
3002013302
What is -473361 (base 8) in base 6?
-3243441
-8df7 (base 16) to base 5
-2130333
What is 6a5082 (base 13) in base 7?
30312640
What is -111211330 (base 4) in base 8?
-254574
Convert -24502500 (base 6) to base 9.
-1427150
Convert 1255246 (base 7) to base 10.
165115
What is -2323323021 (base 4) in base 8?
-2737311
Convert -6cd9 (base 16) to base 6.
-333001
What is 2043056 (base 8) in base 14?
101886
21220200021 (base 3) to base 7
1216066
12056400 (base 7) to base 11
673266
Convert -1700602 (base 8) to base 6.
-14313202
-111233012 (base 6) to base 15
-2a05be
110223212131 (base 4) to base 6
312111221
What is 1110002222220 (base 3) in base 14?
160793
Convert -5cb76d (base 15) to base 5.
-2114140203
Convert -224242102 (base 5) to base 15.
-14de87
What is 22cc93 (base 13) in base 12?
33b364
3659aa (base 11) to base 6
20223531
Convert 212011121000 (base 3) to base 7.
3606420
What is 4832228 (base 10) in base 13?
100260b
What is 5a8974 (base 12) in base 13?
3c47b3
Convert 101011011100110101 (base 2) to base 16.
2b735
-6dff02 (base 16) to base 13
-165520b
Convert -4010611 (base 7) to base 2.
-1110011100011010011
Convert -398242 (base 11) to base 15.
-c568d
-104066 (base 10) to base 16
-19682
What is 210126 (base 12) in base 13?
152064
What is 8627419 (base 10) in base 16?
83a4db
-7b743 (base 14) to base 4
-1021113233
What is -235737 (base 8) in base 7?
-454516
What is 14614426 (base 7) in base 10?
1398970
What is -41e5db (base 15) in base 4?
-23331303002
What is 279377 (base 15) in base 4?
13100322133
Convert 13d71d (base 15) to base 16.
e9938
What is -63414262 (base 7) in base 12?
-1968b44
What is 39a89 (base 13) in base 10?
107259
-1122020120 (base 3) to base 15
-9853
Convert -101111100112 (base 3) to base 15.
-4130e
Convert -32143000 (base 5) to base 2.
-1000010010100001001
-3358752 (base 9) to base 6
-102450545
-1013024 (base 8) to base 11
-173221
Convert 102311222220 (base 4) to base 13.
103ba47
What is -2c103 (base 14) in base 11?
-75683
43a344 (base 15) to base 12
10b57b4
What is -242691 (base 10) in base 14?
-64631
Convert -10a025 (base 11) to base 4.
-222210310
Convert -b2bd (base 14) to base 10.
-30743
What is 30323443 (base 5) in base 2?
111011111011111010
-101000100